{"id":453,"date":"2020-06-04T17:01:06","date_gmt":"2020-06-04T15:01:06","guid":{"rendered":"http:\/\/lesateliersdelena.site\/?page_id=453"},"modified":"2021-08-25T11:08:30","modified_gmt":"2021-08-25T09:08:30","slug":"boutique-lenas-paper","status":"publish","type":"page","link":"https:\/\/lesateliersdelena.net\/index.php\/boutique-lenas-paper\/","title":{"rendered":"La Boutique L\u00e9Na&rsquo;s Paper"},"content":{"rendered":"\n<div class=\"wp-block-image\"><figure class=\"alignleft size-medium is-resized\"><img loading=\"lazy\" src=\"http:\/\/lesateliersdelena.net\/wp-content\/uploads\/2020\/10\/20190626_155337-eee-279x300.jpg\" alt=\"\" class=\"wp-image-1745\" width=\"223\" height=\"239\" srcset=\"https:\/\/lesateliersdelena.net\/wp-content\/uploads\/2020\/10\/20190626_155337-eee-279x300.jpg 279w, https:\/\/lesateliersdelena.net\/wp-content\/uploads\/2020\/10\/20190626_155337-eee-952x1024.jpg 952w, https:\/\/lesateliersdelena.net\/wp-content\/uploads\/2020\/10\/20190626_155337-eee-768x826.jpg 768w, https:\/\/lesateliersdelena.net\/wp-content\/uploads\/2020\/10\/20190626_155337-eee.jpg 956w\" sizes=\"(max-width: 223px) 100vw, 223px\" \/><\/figure><\/div>\n\n\n\n<p class=\"has-white-color has-text-color has-background\" style=\"background-color:#992323\">LES CREATIONS PAPIER et CARTON de LENA<\/p>\n\n\n\n<p>&lsquo;<strong><em>Le Papier ME permet de cr\u00e9er, concevoir,<\/em> <em>inventer,&nbsp;plier, couper, ajuster, coller, d\u00e9chirer,<\/em> <em>assembler &#8230;.mais aussi expliquer, partager, transmettre&#8230;.<\/em><\/strong>&lsquo;<\/p>\n\n\n\n<p>&lsquo;<em>Je cr\u00e9e chaque jour, m&rsquo;inspire de tout, d&rsquo;une belle exposition, d&rsquo;un voyage, d&rsquo;une f\u00eate, d&rsquo;une belle image, d&rsquo;une promenade,&nbsp;d&rsquo;une rencontre&#8230;. L&rsquo;id\u00e9e se cache et reste au chaud, jusqu&rsquo;au jour ou elle est pr\u00eate \u00e0 appara\u00eetre au grand jour&rsquo;.<\/em><\/p>\n\n\n\n<div class=\"wp-block-buttons\">\n<div class=\"wp-block-button\"><a class=\"wp-block-button__link has-white-color has-blush-bordeaux-gradient-background has-text-color has-background\" href=\"https:\/\/lenaspaper.com\/index.php\" target=\"_blank\" rel=\"noreferrer noopener\"><strong>La e-boutique L\u00e9Na&rsquo;s Paper, c&rsquo;est ICI&#8230;<\/strong><\/a><\/div>\n<\/div>\n\n\n\n<p>La e.boutique de L\u00e9Na&rsquo;s Paper met \u00e0 votre disposition toutes les cr\u00e9ations Papier et Carton que <span style=\"color:#992323\" class=\"has-inline-color\"><strong>vous pouvez r\u00e9aliser VOUS-M\u00caME<\/strong><\/span>, en toute autonomie: Vous y trouverez une collection de Livres et Cahier Techniques \u00e0 t\u00e9l\u00e9charger, d\u00e9di\u00e9s aux Cr\u00e9ations Cartonnage et Papier. Tous les Livres et Cahiers \u00e0 t\u00e9l\u00e9charger sont r\u00e9alis\u00e9s sur le m\u00eame principe: Une des cr\u00e9ations papier et\/ou carton de L\u00e9Na, y est expliqu\u00e9e de fa\u00e7on extr\u00eamement d\u00e9taill\u00e9e pour permettre une autonomie de r\u00e9alisation totale. Chaque Livre\/Cahier \u00e0 T\u00e9l\u00e9charger contient un tr\u00e8s grand nombre de sch\u00e9mas, photos, plans, explications, qui garantissent cette autonomie.&nbsp;<\/p>\n\n\n\n<p class=\"has-text-align-center has-white-color has-text-color has-background has-medium-font-size\" style=\"background-color:#992323\"><strong><em><a rel=\"noreferrer noopener\" href=\"https:\/\/lenaspaper.com\/index.php\" data-type=\"URL\" data-id=\"https:\/\/lenaspaper.com\/index.php\" target=\"_blank\">OFFREZ-VOUS LE PLAISIR DE CREER<\/a><\/em><\/strong><\/p>\n\n\n\n<figure class=\"wp-block-gallery columns-5 is-cropped\"><ul class=\"blocks-gallery-grid\"><li class=\"blocks-gallery-item\"><figure><img loading=\"lazy\" width=\"912\" height=\"900\" src=\"http:\/\/lesateliersdelena.net\/wp-content\/uploads\/2020\/10\/photo-de-garde-e-Boutique-Birgit-1.jpg\" alt=\"\" data-id=\"1735\" data-link=\"http:\/\/lesateliersdelena.net\/index.php\/boutique-lenas-paper\/photo-de-garde-e-boutique-birgit-1\/#main\" class=\"wp-image-1735\" srcset=\"https:\/\/lesateliersdelena.net\/wp-content\/uploads\/2020\/10\/photo-de-garde-e-Boutique-Birgit-1.jpg 912w, https:\/\/lesateliersdelena.net\/wp-content\/uploads\/2020\/10\/photo-de-garde-e-Boutique-Birgit-1-300x296.jpg 300w, https:\/\/lesateliersdelena.net\/wp-content\/uploads\/2020\/10\/photo-de-garde-e-Boutique-Birgit-1-768x758.jpg 768w\" sizes=\"(max-width: 912px) 100vw, 912px\" \/><\/figure><\/li><li class=\"blocks-gallery-item\"><figure><img loading=\"lazy\" width=\"912\" height=\"900\" src=\"http:\/\/lesateliersdelena.net\/wp-content\/uploads\/2020\/10\/photo-de-garde-e-Boutique2-1.jpg\" alt=\"\" data-id=\"1736\" data-link=\"http:\/\/lesateliersdelena.net\/index.php\/boutique-lenas-paper\/photo-de-garde-e-boutique2-1\/#main\" class=\"wp-image-1736\" srcset=\"https:\/\/lesateliersdelena.net\/wp-content\/uploads\/2020\/10\/photo-de-garde-e-Boutique2-1.jpg 912w, https:\/\/lesateliersdelena.net\/wp-content\/uploads\/2020\/10\/photo-de-garde-e-Boutique2-1-300x296.jpg 300w, https:\/\/lesateliersdelena.net\/wp-content\/uploads\/2020\/10\/photo-de-garde-e-Boutique2-1-768x758.jpg 768w\" sizes=\"(max-width: 912px) 100vw, 912px\" \/><\/figure><\/li><li class=\"blocks-gallery-item\"><figure><img loading=\"lazy\" width=\"912\" height=\"900\" src=\"http:\/\/lesateliersdelena.net\/wp-content\/uploads\/2020\/10\/photo-de-garde-e-Boutique-A.jpg\" alt=\"\" data-id=\"1737\" data-link=\"http:\/\/lesateliersdelena.net\/index.php\/boutique-lenas-paper\/photo-de-garde-e-boutique-a\/#main\" class=\"wp-image-1737\" srcset=\"https:\/\/lesateliersdelena.net\/wp-content\/uploads\/2020\/10\/photo-de-garde-e-Boutique-A.jpg 912w, https:\/\/lesateliersdelena.net\/wp-content\/uploads\/2020\/10\/photo-de-garde-e-Boutique-A-300x296.jpg 300w, https:\/\/lesateliersdelena.net\/wp-content\/uploads\/2020\/10\/photo-de-garde-e-Boutique-A-768x758.jpg 768w\" sizes=\"(max-width: 912px) 100vw, 912px\" \/><\/figure><\/li><li class=\"blocks-gallery-item\"><figure><img loading=\"lazy\" width=\"912\" height=\"900\" src=\"http:\/\/lesateliersdelena.net\/wp-content\/uploads\/2020\/10\/A-6.jpg\" alt=\"\" data-id=\"1739\" data-link=\"http:\/\/lesateliersdelena.net\/index.php\/boutique-lenas-paper\/a-6\/#main\" class=\"wp-image-1739\" srcset=\"https:\/\/lesateliersdelena.net\/wp-content\/uploads\/2020\/10\/A-6.jpg 912w, https:\/\/lesateliersdelena.net\/wp-content\/uploads\/2020\/10\/A-6-300x296.jpg 300w, https:\/\/lesateliersdelena.net\/wp-content\/uploads\/2020\/10\/A-6-768x758.jpg 768w\" sizes=\"(max-width: 912px) 100vw, 912px\" \/><\/figure><\/li><li class=\"blocks-gallery-item\"><figure><img loading=\"lazy\" width=\"1024\" height=\"1024\" src=\"http:\/\/lesateliersdelena.net\/wp-content\/uploads\/2020\/10\/F-1024x1024.jpg\" alt=\"\" data-id=\"1741\" data-full-url=\"http:\/\/lesateliersdelena.net\/wp-content\/uploads\/2020\/10\/F.jpg\" data-link=\"http:\/\/lesateliersdelena.net\/index.php\/boutique-lenas-paper\/f\/#main\" class=\"wp-image-1741\" srcset=\"https:\/\/lesateliersdelena.net\/wp-content\/uploads\/2020\/10\/F-1024x1024.jpg 1024w, https:\/\/lesateliersdelena.net\/wp-content\/uploads\/2020\/10\/F-300x300.jpg 300w, https:\/\/lesateliersdelena.net\/wp-content\/uploads\/2020\/10\/F-150x150.jpg 150w, https:\/\/lesateliersdelena.net\/wp-content\/uploads\/2020\/10\/F-768x768.jpg 768w, https:\/\/lesateliersdelena.net\/wp-content\/uploads\/2020\/10\/F.jpg 1080w\" sizes=\"(max-width: 1024px) 100vw, 1024px\" \/><\/figure><\/li><\/ul><\/figure>\n\n\n\n<p class=\"has-text-align-left\">Dans la boutique L\u00e9Na&rsquo;s Paper, vous trouverez aussi quelques cr\u00e9ations de L\u00e9Na \u00e0 vous offrir ou \u00e0 offrir : carnets, cartes, marque pages&#8230; originaux&#8230;<\/p>\n\n\n\n<p class=\"has-text-align-center has-white-color has-text-color has-background has-medium-font-size\" style=\"background-color:#992323\"><strong><em><a href=\"https:\/\/lenaspaper.com\/index.php\" data-type=\"URL\" data-id=\"https:\/\/lenaspaper.com\/index.php\" target=\"_blank\" rel=\"noreferrer noopener\">OFFREZ-VOUS UNE CREATION ARTISANALE UNIQUE<\/a><\/em><\/strong><\/p>\n\n\n\n<figure class=\"wp-block-gallery columns-5\"><ul class=\"blocks-gallery-grid\"><li class=\"blocks-gallery-item\"><figure><img loading=\"lazy\" width=\"300\" height=\"296\" src=\"http:\/\/lesateliersdelena.net\/wp-content\/uploads\/2020\/10\/photo-de-garde-e-BoutiqueA-2-300x296.jpg\" alt=\"\" data-id=\"1761\" data-link=\"http:\/\/lesateliersdelena.net\/index.php\/boutique-lenas-paper\/photo-de-garde-e-boutiquea-2\/#main\" class=\"wp-image-1761\" srcset=\"https:\/\/lesateliersdelena.net\/wp-content\/uploads\/2020\/10\/photo-de-garde-e-BoutiqueA-2-300x296.jpg 300w, https:\/\/lesateliersdelena.net\/wp-content\/uploads\/2020\/10\/photo-de-garde-e-BoutiqueA-2-768x758.jpg 768w, https:\/\/lesateliersdelena.net\/wp-content\/uploads\/2020\/10\/photo-de-garde-e-BoutiqueA-2.jpg 912w\" sizes=\"(max-width: 300px) 100vw, 300px\" \/><\/figure><\/li><li class=\"blocks-gallery-item\"><figure><img loading=\"lazy\" width=\"300\" height=\"296\" src=\"http:\/\/lesateliersdelena.net\/wp-content\/uploads\/2020\/10\/photo-de-garde-e-BoutiqueA-300x296.jpg\" alt=\"\" data-id=\"1759\" data-link=\"http:\/\/lesateliersdelena.net\/index.php\/boutique-lenas-paper\/photo-de-garde-e-boutiquea\/#main\" class=\"wp-image-1759\" srcset=\"https:\/\/lesateliersdelena.net\/wp-content\/uploads\/2020\/10\/photo-de-garde-e-BoutiqueA-300x296.jpg 300w, https:\/\/lesateliersdelena.net\/wp-content\/uploads\/2020\/10\/photo-de-garde-e-BoutiqueA-768x758.jpg 768w, https:\/\/lesateliersdelena.net\/wp-content\/uploads\/2020\/10\/photo-de-garde-e-BoutiqueA.jpg 912w\" sizes=\"(max-width: 300px) 100vw, 300px\" \/><\/figure><\/li><li class=\"blocks-gallery-item\"><figure><img loading=\"lazy\" width=\"300\" height=\"296\" src=\"http:\/\/lesateliersdelena.net\/wp-content\/uploads\/2020\/10\/photo-de-garde-e-BoutiqueA-1-300x296.jpg\" alt=\"\" data-id=\"1760\" data-link=\"http:\/\/lesateliersdelena.net\/index.php\/boutique-lenas-paper\/photo-de-garde-e-boutiquea-1\/#main\" class=\"wp-image-1760\" srcset=\"https:\/\/lesateliersdelena.net\/wp-content\/uploads\/2020\/10\/photo-de-garde-e-BoutiqueA-1-300x296.jpg 300w, https:\/\/lesateliersdelena.net\/wp-content\/uploads\/2020\/10\/photo-de-garde-e-BoutiqueA-1-768x758.jpg 768w, https:\/\/lesateliersdelena.net\/wp-content\/uploads\/2020\/10\/photo-de-garde-e-BoutiqueA-1.jpg 912w\" sizes=\"(max-width: 300px) 100vw, 300px\" \/><\/figure><\/li><li class=\"blocks-gallery-item\"><figure><img loading=\"lazy\" width=\"300\" height=\"296\" src=\"http:\/\/lesateliersdelena.net\/wp-content\/uploads\/2020\/10\/photo-de-garde-e-BoutiqueA-4-300x296.jpg\" alt=\"\" data-id=\"1763\" data-full-url=\"http:\/\/lesateliersdelena.net\/wp-content\/uploads\/2020\/10\/photo-de-garde-e-BoutiqueA-4.jpg\" data-link=\"http:\/\/lesateliersdelena.net\/index.php\/boutique-lenas-paper\/photo-de-garde-e-boutiquea-4\/#main\" class=\"wp-image-1763\" srcset=\"https:\/\/lesateliersdelena.net\/wp-content\/uploads\/2020\/10\/photo-de-garde-e-BoutiqueA-4-300x296.jpg 300w, https:\/\/lesateliersdelena.net\/wp-content\/uploads\/2020\/10\/photo-de-garde-e-BoutiqueA-4-768x758.jpg 768w, https:\/\/lesateliersdelena.net\/wp-content\/uploads\/2020\/10\/photo-de-garde-e-BoutiqueA-4.jpg 912w\" sizes=\"(max-width: 300px) 100vw, 300px\" \/><\/figure><\/li><li class=\"blocks-gallery-item\"><figure><img loading=\"lazy\" width=\"300\" height=\"296\" src=\"http:\/\/lesateliersdelena.net\/wp-content\/uploads\/2020\/10\/photo-de-garde-e-BoutiqueA-3-300x296.jpg\" alt=\"\" data-id=\"1762\" data-link=\"http:\/\/lesateliersdelena.net\/index.php\/boutique-lenas-paper\/photo-de-garde-e-boutiquea-3\/#main\" class=\"wp-image-1762\" srcset=\"https:\/\/lesateliersdelena.net\/wp-content\/uploads\/2020\/10\/photo-de-garde-e-BoutiqueA-3-300x296.jpg 300w, https:\/\/lesateliersdelena.net\/wp-content\/uploads\/2020\/10\/photo-de-garde-e-BoutiqueA-3-768x758.jpg 768w, https:\/\/lesateliersdelena.net\/wp-content\/uploads\/2020\/10\/photo-de-garde-e-BoutiqueA-3.jpg 912w\" sizes=\"(max-width: 300px) 100vw, 300px\" \/><\/figure><\/li><\/ul><\/figure>\n","protected":false},"excerpt":{"rendered":"<p>LES CREATIONS PAPIER et CARTON de LENA &lsquo;Le Papier ME permet de cr\u00e9er, concevoir, inventer,&nbsp;plier, couper, ajuster, coller, d\u00e9chirer, assembler &#8230;.mais aussi expliquer, partager, transmettre&#8230;.&lsquo; &lsquo;Je cr\u00e9e chaque jour, m&rsquo;inspire de tout, d&rsquo;une belle exposition, d&rsquo;un voyage, d&rsquo;une f\u00eate, d&rsquo;une belle image, d&rsquo;une promenade,&nbsp;d&rsquo;une rencontre&#8230;. L&rsquo;id\u00e9e se cache et reste au chaud, jusqu&rsquo;au jour ou [&hellip;]<\/p>\n","protected":false},"author":1,"featured_media":0,"parent":0,"menu_order":15,"comment_status":"closed","ping_status":"closed","template":"","meta":[],"_links":{"self":[{"href":"https:\/\/lesateliersdelena.net\/index.php\/wp-json\/wp\/v2\/pages\/453"}],"collection":[{"href":"https:\/\/lesateliersdelena.net\/index.php\/wp-json\/wp\/v2\/pages"}],"about":[{"href":"https:\/\/lesateliersdelena.net\/index.php\/wp-json\/wp\/v2\/types\/page"}],"author":[{"embeddable":true,"href":"https:\/\/lesateliersdelena.net\/index.php\/wp-json\/wp\/v2\/users\/1"}],"replies":[{"embeddable":true,"href":"https:\/\/lesateliersdelena.net\/index.php\/wp-json\/wp\/v2\/comments?post=453"}],"version-history":[{"count":24,"href":"https:\/\/lesateliersdelena.net\/index.php\/wp-json\/wp\/v2\/pages\/453\/revisions"}],"predecessor-version":[{"id":2228,"href":"https:\/\/lesateliersdelena.net\/index.php\/wp-json\/wp\/v2\/pages\/453\/revisions\/2228"}],"wp:attachment":[{"href":"https:\/\/lesateliersdelena.net\/index.php\/wp-json\/wp\/v2\/media?parent=453"}],"curies":[{"name":"wp","href":"https:\/\/api.w.org\/{rel}","templated":true}]}}