{"id":416,"date":"2020-06-03T08:39:22","date_gmt":"2020-06-03T06:39:22","guid":{"rendered":"http:\/\/lesateliersdelena.site\/?page_id=416"},"modified":"2025-05-13T08:42:39","modified_gmt":"2025-05-13T06:42:39","slug":"aquarelle","status":"publish","type":"page","link":"https:\/\/lesateliersdelena.net\/index.php\/cours-beaux-arts\/aquarelle\/","title":{"rendered":"Cours AQUARELLE Adulte"},"content":{"rendered":"\n<div class=\"wp-block-image\"><figure class=\"alignleft size-medium is-resized\"><img loading=\"lazy\" src=\"http:\/\/lesateliersdelena.net\/wp-content\/uploads\/2020\/10\/20190626_155337-E-197x300.jpg\" alt=\"\" class=\"wp-image-985\" width=\"268\" height=\"408\" srcset=\"https:\/\/lesateliersdelena.net\/wp-content\/uploads\/2020\/10\/20190626_155337-E-197x300.jpg 197w, https:\/\/lesateliersdelena.net\/wp-content\/uploads\/2020\/10\/20190626_155337-E-671x1024.jpg 671w, https:\/\/lesateliersdelena.net\/wp-content\/uploads\/2020\/10\/20190626_155337-E-768x1171.jpg 768w, https:\/\/lesateliersdelena.net\/wp-content\/uploads\/2020\/10\/20190626_155337-E.jpg 956w\" sizes=\"(max-width: 268px) 100vw, 268px\" \/><\/figure><\/div>\n\n\n\n<p class=\"has-very-light-gray-color has-text-color has-background\" style=\"background-color:#992323;font-size:29px\"><strong>AQUARELLE Adulte<\/strong><\/p>\n\n\n\n<div class=\"wp-block-group\"><div class=\"wp-block-group__inner-container\">\n<p>Aquarelle, effet de transparence ? &#8230;. pas seulement&#8230;                                                                                                                                                                                                                                                                                                                     Votre professeure, aquarelliste de m\u00e9tier vous initie, vous accompagne,vous aide \u00e0 vous perfectionner dans un monde de couleurs et de techniques&#8230; mixtes. <strong>PLAISIR GARANTI<\/strong> dans un cadre convivial et propice \u00e0 la cr\u00e9ation.<\/p>\n\n\n\n<p>Les cours ADULTES annuels AQUARELLE sont organis\u00e9s sur\u00a015 s\u00e9ances de 2h30 ou 3h, r\u00e9partis d&rsquo;Octobre 2025 \u00e0 Juin 2026 , une semaine sur 2. <\/p>\n\n\n\n<p>TOUT NIVEAU : D\u00e9butant , Initi\u00e9 ou Confirm\u00e9.<\/p>\n\n\n\n<div class=\"wp-block-buttons\">\n<div class=\"wp-block-button\"><a class=\"wp-block-button__link has-blush-bordeaux-gradient-background has-background\" href=\"http:\/\/lesateliersdelena.net\/index.php\/cours-beaux-arts\/aquarelle\/galerie-photos-aquarelle-adulte\/\" target=\"_blank\" rel=\"noreferrer noopener\">La Galerie Photos, c&rsquo;est ICI&#8230;<\/a><\/div>\n<\/div>\n\n\n\n<p><\/p>\n<\/div><\/div>\n\n\n\n<figure class=\"wp-block-table is-style-regular\"><table class=\"has-background\" style=\"background-color:#fcf0ef\"><thead><tr><th class=\"has-text-align-center\" data-align=\"center\"><strong><em><span class=\"has-inline-color has-vivid-red-color\">AQUARELLE<br>ADULTE<\/span><\/em><\/strong><\/th><th class=\"has-text-align-center\" data-align=\"center\"><em>Jour<\/em><\/th><th class=\"has-text-align-center\" data-align=\"center\">Horaires<\/th><th class=\"has-text-align-center\" data-align=\"center\">Tarif<\/th><\/tr><\/thead><tbody><tr><td class=\"has-text-align-center\" data-align=\"center\"><img loading=\"lazy\" width=\"2560\" height=\"1687\" class=\"wp-image-1870\" style=\"width: 70px;\" src=\"http:\/\/lesateliersdelena.net\/wp-content\/uploads\/2020\/10\/20180629_151142-1-scaled.jpg\" alt=\"\" srcset=\"https:\/\/lesateliersdelena.net\/wp-content\/uploads\/2020\/10\/20180629_151142-1-scaled.jpg 2560w, https:\/\/lesateliersdelena.net\/wp-content\/uploads\/2020\/10\/20180629_151142-1-300x198.jpg 300w, https:\/\/lesateliersdelena.net\/wp-content\/uploads\/2020\/10\/20180629_151142-1-1024x675.jpg 1024w, https:\/\/lesateliersdelena.net\/wp-content\/uploads\/2020\/10\/20180629_151142-1-768x506.jpg 768w, https:\/\/lesateliersdelena.net\/wp-content\/uploads\/2020\/10\/20180629_151142-1-1536x1012.jpg 1536w, https:\/\/lesateliersdelena.net\/wp-content\/uploads\/2020\/10\/20180629_151142-1-2048x1349.jpg 2048w\" sizes=\"(max-width: 2560px) 100vw, 2560px\" \/><\/td><td class=\"has-text-align-center\" data-align=\"center\"><em><strong>Lundi<\/strong><\/em><\/td><td class=\"has-text-align-center\" data-align=\"center\">18h30 &#8211; 21h<\/td><td class=\"has-text-align-center\" data-align=\"center\"><span class=\"has-inline-color has-vivid-red-color\"><strong>385 euros<\/strong><\/span><br>(10.3 euros\/h)<\/td><\/tr><tr><td class=\"has-text-align-center\" data-align=\"center\"><img loading=\"lazy\" width=\"2560\" height=\"2027\" class=\"wp-image-1868\" style=\"width: 70px;\" src=\"http:\/\/lesateliersdelena.net\/wp-content\/uploads\/2020\/10\/DSC_0076-scaled.jpg\" alt=\"\" srcset=\"https:\/\/lesateliersdelena.net\/wp-content\/uploads\/2020\/10\/DSC_0076-scaled.jpg 2560w, https:\/\/lesateliersdelena.net\/wp-content\/uploads\/2020\/10\/DSC_0076-300x238.jpg 300w, https:\/\/lesateliersdelena.net\/wp-content\/uploads\/2020\/10\/DSC_0076-1024x811.jpg 1024w, https:\/\/lesateliersdelena.net\/wp-content\/uploads\/2020\/10\/DSC_0076-768x608.jpg 768w, https:\/\/lesateliersdelena.net\/wp-content\/uploads\/2020\/10\/DSC_0076-1536x1216.jpg 1536w, https:\/\/lesateliersdelena.net\/wp-content\/uploads\/2020\/10\/DSC_0076-2048x1622.jpg 2048w\" sizes=\"(max-width: 2560px) 100vw, 2560px\" \/><\/td><td class=\"has-text-align-center\" data-align=\"center\"><em><strong>Mardi<\/strong><\/em><\/td><td class=\"has-text-align-center\" data-align=\"center\">9h &#8211; 12h<\/td><td class=\"has-text-align-center\" data-align=\"center\"><strong><span class=\"has-inline-color has-vivid-red-color\">460 euros<\/span><\/strong><br>(10.2 euros\/h)<\/td><\/tr><tr><td class=\"has-text-align-center\" data-align=\"center\"><img loading=\"lazy\" width=\"1838\" height=\"1274\" class=\"wp-image-477\" style=\"width: 70px;\" src=\"http:\/\/lesateliersdelena.net\/wp-content\/uploads\/2020\/06\/DSCN4699-copie.jpg\" alt=\"\" srcset=\"https:\/\/lesateliersdelena.net\/wp-content\/uploads\/2020\/06\/DSCN4699-copie.jpg 1838w, https:\/\/lesateliersdelena.net\/wp-content\/uploads\/2020\/06\/DSCN4699-copie-300x208.jpg 300w, https:\/\/lesateliersdelena.net\/wp-content\/uploads\/2020\/06\/DSCN4699-copie-1024x710.jpg 1024w, https:\/\/lesateliersdelena.net\/wp-content\/uploads\/2020\/06\/DSCN4699-copie-768x532.jpg 768w, https:\/\/lesateliersdelena.net\/wp-content\/uploads\/2020\/06\/DSCN4699-copie-1536x1065.jpg 1536w\" sizes=\"(max-width: 1838px) 100vw, 1838px\" \/><\/td><td class=\"has-text-align-center\" data-align=\"center\"><strong><em>Samedi<\/em><\/strong><\/td><td class=\"has-text-align-center\" data-align=\"center\">9h &#8211; 11h30<\/td><td class=\"has-text-align-center\" data-align=\"center\"><strong><span class=\"has-inline-color has-vivid-red-color\">385 euros<\/span><\/strong><br>(10.3 euros\/h)<\/td><\/tr><tr><td class=\"has-text-align-center\" data-align=\"center\"><img loading=\"lazy\" width=\"2560\" height=\"1686\" class=\"wp-image-479\" style=\"width: 70px;\" src=\"http:\/\/lesateliersdelena.net\/wp-content\/uploads\/2020\/06\/DSC_0201-scaled.jpg\" alt=\"\" srcset=\"https:\/\/lesateliersdelena.net\/wp-content\/uploads\/2020\/06\/DSC_0201-scaled.jpg 2560w, https:\/\/lesateliersdelena.net\/wp-content\/uploads\/2020\/06\/DSC_0201-300x198.jpg 300w, https:\/\/lesateliersdelena.net\/wp-content\/uploads\/2020\/06\/DSC_0201-1024x674.jpg 1024w, https:\/\/lesateliersdelena.net\/wp-content\/uploads\/2020\/06\/DSC_0201-768x506.jpg 768w, https:\/\/lesateliersdelena.net\/wp-content\/uploads\/2020\/06\/DSC_0201-1536x1011.jpg 1536w, https:\/\/lesateliersdelena.net\/wp-content\/uploads\/2020\/06\/DSC_0201-2048x1349.jpg 2048w\" sizes=\"(max-width: 2560px) 100vw, 2560px\" \/><\/td><td class=\"has-text-align-center\" data-align=\"center\"><strong><em>Samedi<\/em><\/strong><\/td><td class=\"has-text-align-center\" data-align=\"center\">14h &#8211; 16h30<\/td><td class=\"has-text-align-center\" data-align=\"center\"><strong><span class=\"has-inline-color has-vivid-red-color\">385 euros<\/span><\/strong><br>(10.3 euros\/h)<\/td><\/tr><\/tbody><\/table><\/figure>\n\n\n\n<div class=\"wp-block-buttons is-content-justification-right\"><\/div>\n\n\n\n<div class=\"wp-block-group\"><div class=\"wp-block-group__inner-container\">\n<div class=\"wp-block-group\"><div class=\"wp-block-group__inner-container\">\n<p>Tous les<strong> mat\u00e9riels&nbsp; (pinceaux, pigments aquarelle, etc.)<\/strong> sont disponibles \u00e0 l&rsquo;atelier. Les <strong>supports (papier aquarelle)<\/strong> sont \u00e0 la charge de l&rsquo;\u00e9l\u00e8ve.<\/p>\n\n\n\n<ul><li>Nombre minimum d&rsquo;\u00e9l\u00e8ves par cours : 6<\/li><li>Nombre maximum d&rsquo;\u00e9l\u00e8ves par cours : 8.<\/li><\/ul>\n\n\n\n<p>Les Ateliers de L\u00e9Na se r\u00e9servent le droit d&rsquo;annuler un cours annonc\u00e9 si le nombre d&rsquo;inscrits est inf\u00e9rieur au minimum fix\u00e9.<\/p>\n<\/div><\/div>\n<\/div><\/div>\n\n\n\n<div class=\"wp-block-buttons\">\n<div class=\"wp-block-button\"><a class=\"wp-block-button__link has-vivid-cyan-blue-to-vivid-purple-gradient-background has-background\" href=\"http:\/\/lesateliersdelena.net\/index.php\/cours-beaux-arts\/aquarelle\/planning-aquarelle-adulte\/\" style=\"border-radius:21px\" target=\"_blank\" rel=\"noreferrer noopener\">Les Plannings AQUARELLE Adulte, c&rsquo;est ICI&#8230;<\/a><\/div>\n<\/div>\n\n\n\n<p><\/p>\n\n\n\n<div class=\"wp-block-group\"><div class=\"wp-block-group__inner-container\"><\/div><\/div>\n\n\n\n<p><\/p>\n","protected":false},"excerpt":{"rendered":"<p>AQUARELLE Adulte Aquarelle, effet de transparence ? &#8230;. pas seulement&#8230; Votre professeure, aquarelliste de m\u00e9tier vous initie, vous accompagne,vous aide \u00e0 vous perfectionner dans un monde de couleurs et de techniques&#8230; mixtes. PLAISIR GARANTI dans un cadre convivial et propice \u00e0 la cr\u00e9ation. Les cours ADULTES annuels AQUARELLE sont organis\u00e9s sur\u00a015 s\u00e9ances de 2h30 ou [&hellip;]<\/p>\n","protected":false},"author":1,"featured_media":0,"parent":375,"menu_order":1,"comment_status":"closed","ping_status":"closed","template":"","meta":[],"_links":{"self":[{"href":"https:\/\/lesateliersdelena.net\/index.php\/wp-json\/wp\/v2\/pages\/416"}],"collection":[{"href":"https:\/\/lesateliersdelena.net\/index.php\/wp-json\/wp\/v2\/pages"}],"about":[{"href":"https:\/\/lesateliersdelena.net\/index.php\/wp-json\/wp\/v2\/types\/page"}],"author":[{"embeddable":true,"href":"https:\/\/lesateliersdelena.net\/index.php\/wp-json\/wp\/v2\/users\/1"}],"replies":[{"embeddable":true,"href":"https:\/\/lesateliersdelena.net\/index.php\/wp-json\/wp\/v2\/comments?post=416"}],"version-history":[{"count":94,"href":"https:\/\/lesateliersdelena.net\/index.php\/wp-json\/wp\/v2\/pages\/416\/revisions"}],"predecessor-version":[{"id":3001,"href":"https:\/\/lesateliersdelena.net\/index.php\/wp-json\/wp\/v2\/pages\/416\/revisions\/3001"}],"up":[{"embeddable":true,"href":"https:\/\/lesateliersdelena.net\/index.php\/wp-json\/wp\/v2\/pages\/375"}],"wp:attachment":[{"href":"https:\/\/lesateliersdelena.net\/index.php\/wp-json\/wp\/v2\/media?parent=416"}],"curies":[{"name":"wp","href":"https:\/\/api.w.org\/{rel}","templated":true}]}}