{"id":1374,"date":"2020-10-10T17:03:30","date_gmt":"2020-10-10T15:03:30","guid":{"rendered":"http:\/\/lesateliersdelena.site\/?page_id=1374"},"modified":"2024-08-16T09:34:54","modified_gmt":"2024-08-16T07:34:54","slug":"stage-junior","status":"publish","type":"page","link":"https:\/\/lesateliersdelena.net\/index.php\/cours-juniors\/stage-junior\/","title":{"rendered":"Stage Junior"},"content":{"rendered":"\n<div class=\"wp-block-image\"><figure class=\"alignleft size-large is-resized\"><img loading=\"lazy\" src=\"http:\/\/lesateliersdelena.net\/wp-content\/uploads\/2020\/10\/20190626_155337-STAGE-1-671x1024.jpg\" alt=\"\" class=\"wp-image-1375\" width=\"252\" height=\"384\" srcset=\"https:\/\/lesateliersdelena.net\/wp-content\/uploads\/2020\/10\/20190626_155337-STAGE-1-671x1024.jpg 671w, https:\/\/lesateliersdelena.net\/wp-content\/uploads\/2020\/10\/20190626_155337-STAGE-1-197x300.jpg 197w, https:\/\/lesateliersdelena.net\/wp-content\/uploads\/2020\/10\/20190626_155337-STAGE-1-768x1171.jpg 768w, https:\/\/lesateliersdelena.net\/wp-content\/uploads\/2020\/10\/20190626_155337-STAGE-1.jpg 956w\" sizes=\"(max-width: 252px) 100vw, 252px\" \/><\/figure><\/div>\n\n\n\n<p class=\"has-white-color has-text-color has-background\" style=\"background-color:#992323\"><strong>STAGE JUNIORS<\/strong><\/p>\n\n\n\n<p>En plus des <strong>nombreux cours de Loisirs Cr\u00e9atifs et Beaux-Arts<\/strong> dispens\u00e9s toute l&rsquo;ann\u00e9e aux Ateliers de L\u00e9Na, nous organisons \u00e0 <strong>chaque vacance scolaire, des sessions de stages vari\u00e9s<\/strong>.&nbsp;<\/p>\n\n\n\n<p>Sont ainsi propos\u00e9s des <strong>stages pour ADOS\/JUNIORS\/ENFANTS<\/strong>,&nbsp;pour certaines disciplines, \u00e0 des rythmes diff\u00e9rents.<\/p>\n\n\n\n<p>Ces stages sont l&rsquo;occasion de <strong>d\u00e9couvrir une discipline<\/strong>, ou de <strong>se perfectionner sur une technique pr\u00e9cise<\/strong>. La dur\u00e9e des stages varie en fonction de la discipline, 1\/2 journ\u00e9e, 1 \u00e0 3 journ\u00e9es, 2 \u00e0 5 apr\u00e8s-midi, &#8230;.<\/p>\n\n\n\n<p>Tous l<strong>es stages sont encadr\u00e9s par un professeur exp\u00e9riment\u00e9<\/strong>. Le tarif du stage comprend le mat\u00e9riel, support et outils n\u00e9cessaires. Les stagiaires repartent avec leurs oeuvres.&nbsp;<\/p>\n\n\n\n<p>Les inscriptions se font directement aupr\u00e8s du professeur ou de la responsable des Ateliers Nathalie L\u00e9on, ou par t\u00e9l\u00e9phone ou e-mail. Les places \u00e9tant limit\u00e9es, n&rsquo;h\u00e9sitez pas \u00e0 vous inscrire d\u00e8s diffusion des dates consultables sur le site..<\/p>\n\n\n\n<p><em>Pour l&rsquo;ensemble de ces stages, un minimum d&rsquo;\u00e9l\u00e8ves doit \u00eatre atteint pour ouvrir le stage (variable en fonction des disciplines, entre 2 et 5).<\/em><br><em>Les Ateliers de L\u00e9Na se r\u00e9servent le droit d&rsquo;annuler un stage , jusqu&rsquo;\u00e0 24 h avant le d\u00e9but du stage, si le nombre minimum d&rsquo;\u00e9l\u00e8ves n&rsquo;est pas atteint.<\/em><\/p>\n\n\n\n<h2 class=\"has-text-align-center has-white-color has-text-color has-background\" style=\"background-color:#992323\">Les Stages \u00e0 Venir<\/h2>\n\n\n\n<p><\/p>\n\n\n\n<div class=\"wp-block-columns\">\n<div class=\"wp-block-column\" style=\"flex-basis:66.66%\">\n<div class=\"wp-block-columns\">\n<div class=\"wp-block-column\">\n<figure class=\"wp-block-gallery alignleft columns-1 is-cropped\"><ul class=\"blocks-gallery-grid\"><li class=\"blocks-gallery-item\"><figure><img loading=\"lazy\" width=\"668\" height=\"1024\" src=\"http:\/\/lesateliersdelena.net\/wp-content\/uploads\/2022\/04\/20190626_154417X-668x1024.jpg\" alt=\"\" data-id=\"2276\" data-full-url=\"http:\/\/lesateliersdelena.net\/wp-content\/uploads\/2022\/04\/20190626_154417X.jpg\" data-link=\"http:\/\/lesateliersdelena.net\/index.php\/cours-juniors\/stage-junior\/20190626_154417x-2\/#main\" class=\"wp-image-2276\" srcset=\"https:\/\/lesateliersdelena.net\/wp-content\/uploads\/2022\/04\/20190626_154417X-668x1024.jpg 668w, https:\/\/lesateliersdelena.net\/wp-content\/uploads\/2022\/04\/20190626_154417X-196x300.jpg 196w, https:\/\/lesateliersdelena.net\/wp-content\/uploads\/2022\/04\/20190626_154417X-768x1177.jpg 768w, https:\/\/lesateliersdelena.net\/wp-content\/uploads\/2022\/04\/20190626_154417X.jpg 956w\" sizes=\"(max-width: 668px) 100vw, 668px\" \/><\/figure><\/li><\/ul><\/figure>\n<\/div>\n\n\n\n<div class=\"wp-block-column\">\n<h1><strong><span style=\"color: #993300;\">Stage BD ILLUSTRATION DESSIN <\/span><\/strong><strong><span style=\"color: #993300;\">JUNIOR<\/span><\/strong><\/h1>\n<h2><em><span style=\"color: #000000;\">Du Mardi 27 Ao\u00fbt au Vendredi 30 Ao\u00fbt <\/span><\/em><em><span style=\"color: #000000;\">2024<\/span><\/em><\/h2>\n\n\n\n<p><strong>INSCRIPTION PR\u00c9ALABLE N\u00c9CESSAIRE<\/strong><\/p>\n<\/div>\n<\/div>\n\n\n\n<p>\u00a0<\/p>\n<p>Date : Mardi 27 Ao\u00fbt 2024 au Vendredi 30 Ao\u00fbt 2024<\/p>\n<p>Horaire : 14h &#8211; 16h30<\/p>\n<p>Tarif : 110 euros pour 10 h (4 x2h30) de stage<\/p>\n<p>Lieu: les Ateliers de LeNa 32 rue Delphin Chavatte 62840 Laventie<\/p>\n<p><span style=\"color: #993300;\"><strong>INSCRIPTION PR\u00c9ALABLE N\u00c9CESSAIRE<\/strong><\/span><\/p>\n<\/div>\n<\/div>\n\n\n\n<div class=\"wp-block-columns\">\n<div class=\"wp-block-column\"><\/div>\n\n\n\n<div class=\"wp-block-column\"><\/div>\n<\/div>\n\n\n\n<div class=\"wp-block-columns\">\n<div class=\"wp-block-column is-vertically-aligned-top\" style=\"flex-basis:100%\">\n<div class=\"wp-block-group\"><div class=\"wp-block-group__inner-container\">\n<div class=\"wp-block-columns\">\n<div class=\"wp-block-column\" style=\"flex-basis:100%\"><\/div>\n<\/div>\n<\/div><\/div>\n<\/div>\n<\/div>\n","protected":false},"excerpt":{"rendered":"<p>STAGE JUNIORS En plus des nombreux cours de Loisirs Cr\u00e9atifs et Beaux-Arts dispens\u00e9s toute l&rsquo;ann\u00e9e aux Ateliers de L\u00e9Na, nous organisons \u00e0 chaque vacance scolaire, des sessions de stages vari\u00e9s.&nbsp; Sont ainsi propos\u00e9s des stages pour ADOS\/JUNIORS\/ENFANTS,&nbsp;pour certaines disciplines, \u00e0 des rythmes diff\u00e9rents. Ces stages sont l&rsquo;occasion de d\u00e9couvrir une discipline, ou de se perfectionner [&hellip;]<\/p>\n","protected":false},"author":1,"featured_media":0,"parent":1151,"menu_order":4,"comment_status":"closed","ping_status":"closed","template":"","meta":[],"_links":{"self":[{"href":"https:\/\/lesateliersdelena.net\/index.php\/wp-json\/wp\/v2\/pages\/1374"}],"collection":[{"href":"https:\/\/lesateliersdelena.net\/index.php\/wp-json\/wp\/v2\/pages"}],"about":[{"href":"https:\/\/lesateliersdelena.net\/index.php\/wp-json\/wp\/v2\/types\/page"}],"author":[{"embeddable":true,"href":"https:\/\/lesateliersdelena.net\/index.php\/wp-json\/wp\/v2\/users\/1"}],"replies":[{"embeddable":true,"href":"https:\/\/lesateliersdelena.net\/index.php\/wp-json\/wp\/v2\/comments?post=1374"}],"version-history":[{"count":19,"href":"https:\/\/lesateliersdelena.net\/index.php\/wp-json\/wp\/v2\/pages\/1374\/revisions"}],"predecessor-version":[{"id":2947,"href":"https:\/\/lesateliersdelena.net\/index.php\/wp-json\/wp\/v2\/pages\/1374\/revisions\/2947"}],"up":[{"embeddable":true,"href":"https:\/\/lesateliersdelena.net\/index.php\/wp-json\/wp\/v2\/pages\/1151"}],"wp:attachment":[{"href":"https:\/\/lesateliersdelena.net\/index.php\/wp-json\/wp\/v2\/media?parent=1374"}],"curies":[{"name":"wp","href":"https:\/\/api.w.org\/{rel}","templated":true}]}}

<div class="wp-block-image"><figure class="alignleft size-large is-resized"><img loading="lazy" src="http://lesateliersdelena.net/wp-content/uploads/2020/10/20190626_155337-STAGE-1-671x1024.jpg" alt="" class="wp-image-1375" width="252" height="384" srcset="https://lesateliersdelena.net/wp-content/uploads/2020/10/20190626_155337-STAGE-1-671x1024.jpg 671w, https://lesateliersdelena.net/wp-content/uploads/2020/10/20190626_155337-STAGE-1-197x300.jpg 197w, https://lesateliersdelena.net/wp-content/uploads/2020/10/20190626_155337-STAGE-1-768x1171.jpg 768w, https://lesateliersdelena.net/wp-content/uploads/2020/10/20190626_155337-STAGE-1.jpg 956w" sizes="(max-width: 252px) 100vw, 252px" /></figure></div>



<p class="has-white-color has-text-color has-background" style="background-color:#992323"><strong>STAGE JUNIORS</strong></p>



<p>En plus des <strong>nombreux cours de Loisirs Créatifs et Beaux-Arts</strong> dispensés toute l&rsquo;année aux Ateliers de LéNa, nous organisons à <strong>chaque vacance scolaire, des sessions de stages variés</strong>.&nbsp;</p>



<p>Sont ainsi proposés des <strong>stages pour ADOS/JUNIORS/ENFANTS</strong>,&nbsp;pour certaines disciplines, à des rythmes différents.</p>



<p>Ces stages sont l&rsquo;occasion de <strong>découvrir une discipline</strong>, ou de <strong>se perfectionner sur une technique précise</strong>. La durée des stages varie en fonction de la discipline, 1/2 journée, 1 à 3 journées, 2 à 5 après-midi, &#8230;.</p>



<p>Tous l<strong>es stages sont encadrés par un professeur expérimenté</strong>. Le tarif du stage comprend le matériel, support et outils nécessaires. Les stagiaires repartent avec leurs oeuvres.&nbsp;</p>



<p>Les inscriptions se font directement auprès du professeur ou de la responsable des Ateliers Nathalie Léon, ou par téléphone ou e-mail. Les places étant limitées, n&rsquo;hésitez pas à vous inscrire dès diffusion des dates consultables sur le site..</p>



<p><em>Pour l&rsquo;ensemble de ces stages, un minimum d&rsquo;élèves doit être atteint pour ouvrir le stage (variable en fonction des disciplines, entre 2 et 5).</em><br><em>Les Ateliers de LéNa se réservent le droit d&rsquo;annuler un stage , jusqu&rsquo;à 24 h avant le début du stage, si le nombre minimum d&rsquo;élèves n&rsquo;est pas atteint.</em></p>



<h2 class="has-text-align-center has-white-color has-text-color has-background" style="background-color:#992323">Les Stages à Venir</h2>



<p></p>



<div class="wp-block-columns">
<div class="wp-block-column" style="flex-basis:66.66%">
<div class="wp-block-columns">
<div class="wp-block-column">
<figure class="wp-block-gallery alignleft columns-1 is-cropped"><ul class="blocks-gallery-grid"><li class="blocks-gallery-item"><figure><img loading="lazy" width="668" height="1024" src="http://lesateliersdelena.net/wp-content/uploads/2022/04/20190626_154417X-668x1024.jpg" alt="" data-id="2276" data-full-url="http://lesateliersdelena.net/wp-content/uploads/2022/04/20190626_154417X.jpg" data-link="http://lesateliersdelena.net/index.php/cours-juniors/stage-junior/20190626_154417x-2/#main" class="wp-image-2276" srcset="https://lesateliersdelena.net/wp-content/uploads/2022/04/20190626_154417X-668x1024.jpg 668w, https://lesateliersdelena.net/wp-content/uploads/2022/04/20190626_154417X-196x300.jpg 196w, https://lesateliersdelena.net/wp-content/uploads/2022/04/20190626_154417X-768x1177.jpg 768w, https://lesateliersdelena.net/wp-content/uploads/2022/04/20190626_154417X.jpg 956w" sizes="(max-width: 668px) 100vw, 668px" /></figure></li></ul></figure>
</div>



<div class="wp-block-column">
<h1><strong><span style="color: #993300;">Stage BD ILLUSTRATION DESSIN </span></strong><strong><span style="color: #993300;">JUNIOR</span></strong></h1>
<h2><em><span style="color: #000000;">Du Mardi 27 Août au Vendredi 30 Août </span></em><em><span style="color: #000000;">2024</span></em></h2>



<p><strong>INSCRIPTION PRÉALABLE NÉCESSAIRE</strong></p>
</div>
</div>



<p> </p>
<p>Date : Mardi 27 Août 2024 au Vendredi 30 Août 2024</p>
<p>Horaire : 14h &#8211; 16h30</p>
<p>Tarif : 110 euros pour 10 h (4 x2h30) de stage</p>
<p>Lieu: les Ateliers de LeNa 32 rue Delphin Chavatte 62840 Laventie</p>
<p><span style="color: #993300;"><strong>INSCRIPTION PRÉALABLE NÉCESSAIRE</strong></span></p>
</div>
</div>



<div class="wp-block-columns">
<div class="wp-block-column"></div>



<div class="wp-block-column"></div>
</div>



<div class="wp-block-columns">
<div class="wp-block-column is-vertically-aligned-top" style="flex-basis:100%">
<div class="wp-block-group"><div class="wp-block-group__inner-container">
<div class="wp-block-columns">
<div class="wp-block-column" style="flex-basis:100%"></div>
</div>
</div></div>
</div>
</div>

<p>STAGE JUNIORS En plus des nombreux cours de Loisirs Créatifs et Beaux-Arts dispensés toute l&rsquo;année aux Ateliers de LéNa, nous organisons à chaque vacance scolaire, des sessions de stages variés.&nbsp; Sont ainsi proposés des stages pour ADOS/JUNIORS/ENFANTS,&nbsp;pour certaines disciplines, à des rythmes différents. Ces stages sont l&rsquo;occasion de découvrir une discipline, ou de se perfectionner [&hellip;]</p>
